the thousands digit of 4751394?
1
What is the ten thousands digit of 655019?
5
What is the units digit of 136540?
0
What is the ten thousands digit of 70362?
7
What is the thousands digit of 30155854?
5
What is the hundred thousands digit of 126005?
1
What is the hundreds digit of 183625?
6
What is the units digit of 181838?
8
What is the hundreds digit of 694191?
1
What is the ten thousands digit of 437408?
3
What is the ten thousands digit of 974898?
7
What is the hundreds digit of 7663847?
8
What is the thousands digit of 355680?
5
What is the units digit of 387434?
4
What is the units digit of 5665404?
4
What is the tens digit of 689220?
2
What is the tens digit of 132069?
6
What is the hundreds digit of 325680?
6
What is the hundreds digit of 783554?
5
What is the thousands digit of 4573?
4
What is the hundreds digit of 284868?
8
What is the hundreds digit of 2757903?
9
What is the hundreds digit of 5521347?
3
What is the hundred thousands digit of 138432?
1
What is the hundreds digit of 5731359?
3
What is the ten thousands digit of 636769?
3
What is the thousands digit of 1063470?
3
What is the thousands digit of 348584?
8
What is the ten thousands digit of 2947162?
4
What is the units digit of 1283462?
2
What is the units digit of 800180?
0
What is the tens digit of 140783?
8
What is the millions digit of 4950213?
4
What is the hundreds digit of 68663?
6
What is the units digit of 1717340?
0
What is the thousands digit of 96963?
6
What is the ten thousands digit of 1965187?
6
What is the units digit of 2460725?
5
What is the units digit of 39179558?
8
What is the thousands digit of 2709008?
9
What is the thousands digit of 912921?
2
What is the hundreds digit of 617901?
9
What is the hundreds digit of 206767?
7
What is the ten thousands digit of 592075?
9
What is the millions digit of 2329174?
2
What is the hundred thousands digit of 672413?
6
What is the ten millions digit of 19758527?
1
What is the hundreds digit of 4763767?
7
What is the hundreds digit of 8624497?
4
What is the hundred thousands digit of 290671?
2
What is the millions digit of 5033357?
5
What is the ten thousands digit of 424241?
2
What is the ten thousands digit of 253739?
5
What is the tens digit of 18035971?
7
What is the ten thousands digit of 266823?
6
What is the ten thousands digit of 220660?
2
What is the units digit of 478663?
3
What is the ten thousands digit of 1017589?
1
What is the units digit of 441847?
7
What is the thousands digit of 4097474?
7
What is the thousands digit of 53186?
3
What is the millions digit of 22489167?
2
What is the hundreds digit of 4763207?
2
What is the units digit of 247335?
5
What is the tens digit of 80505?
0
What is the thousands digit of 16399795?
9
What is the ten thousands digit of 46070?
4
What is the tens digit of 3276599?
9
What is the thousands digit of 18184785?
4
What is the tens digit of 5286879?
7
What is the thousands digit of 5632379?
2
What is the ten thousands digit of 2514432?
1
What is the hundreds digit of 14419253?
2
What is the hundreds digit of 4374322?
3
What is the tens digit of 699342?
4
What is the millions digit of 1462409?
1
What is the units digit of 1267566?
6
What is the tens digit of 580137?
3
What is the tens digit of 70954?
5
What is the thousands digit of 1162093?
2
What is the hundred thousands digit of 327653?
3
What is the tens digit of 451226?
2
What is the hundreds digit of 13659219?
2
What is the ten thousands digit of 646136?
4
What is the units digit of 3483050?
0
What is the units digit of 104179?
9
What is the hundred thousands digit of 753215?
7
What is the millions digit of 10685874?
0
What is the units digit of 256109?
9
What is the hundreds digit of 16596744?
7
What is the tens digit of 222294?
9
What is the thousands digit of 185452?
5
What is the ten thousands digit of 199355?
9
What is the hundreds digit of 7155588?
5
What is the millions digit of 3996155?
3
What is the hundreds digit of 4126912?
9
What is the tens digit of 862996?
9
What is the thousands digit of 353488?
3
What is the thousands digit of 3064195?
4
What is the tens digit of 340508?
0
What is the hundred thousands digit of 3888841?
8
What is the hundreds digit of 2144354?
3
What is the units digit of 271372?
2
What is the ten thousands digit of 112788?
1
What is the thousands digit of 19937897?
7
What is the thousands digit of 1227561?
7
What is the hundred thousands digit of 2850664?
8
What is the units digit of 320963?
3
What is the hundred thousands digit of 174089?
1
What is the tens digit of 111855?
5
What is the tens digit of 400515?
1
What is the thousands digit of 3429321?
9
What is the hundred thousands digit of 32877193?
8
What is the units digit of 634916?
6
What is the units digit of 991937?
7
What is the tens digit of 15826363?
6
What is the millions digit of 4837773?
4
What is the tens digit of 4874714?
1
What is the units digit of 182359?
9
What is the hundreds digit of 131112?
1
What is the ten thousands digit of 3709287?
0
What is the units digit of 311112?
2
What is the units digit of 412303?
3
What is the ten thousands digit of 51996?
5
What is the tens digit of 15858248?
4
What is the hundred thousands digit of 169963?
1
What is the ten thousands digit of 4577477?
7
What is the units digit of 482587?
7
What is the units digit of 6625762?
2
What is the hundred thousands digit of 483394?
4
What is the units digit of 676892?
2
What is the units digit of 11152?
2
What is the millions digit of 21248153?
1
What is the thousands digit of 838122?
8
What is the hundreds digit of 1684800?
8
What is the units digit of 3679481?
1
What is the units digit of 1114163?
3
What is the ten thousands digit of 6876795?
7
What is the hundred thousands digit of 291142?
2
What is the ten thousands digit of 206533?
0
What is the ten thousands digit of 6837159?
3
What is the units digit of 464404?
4
What is the tens digit of 2033168?
6
What is the ten thousands digit of 203664?
0
What is the hundred thousands digit of 3605933?
6
What is the units digit of 25274889?
9
What is the hundreds digit of 6101184?
1
What is the ten millions digit of 32542728?
3
What is the thousands digit of 57209?
7
What is the hundreds digit of 869676?
6
What is the hundreds digit of 3584321?
3
What is the hundreds digit of 47037?
0
What is the thousands digit of 2138097?
8
What is the thousands digit of 1991445?
1
What is the tens digit of 291206?
0
What is the units digit of 125832?
2
What is the hundred thousands digit of 2582515?
5
What is the ten thousands digit of 1005924?
0
What is the thousands digit of 829933?
9
What is the ten thousands digit of 203255?
0
What is the units digit of 101771?
1
What is the ten thousands digit of 4798258?
9
What is the millions digit of 5485107?
5
What is the thousands digit of 767657?
7
What is the tens digit of 1216414?
1
What is the tens digit of 381142?
4
What is the thousands digit of 173169?
3
What is the ten thousands digit of 1265515?
6
What is the hundred thousands digit of 931765?
9
What is the ten thousands digit of 39775?
3
What is the hundreds digit of 150291?
2
What is the ten thousands digit of 1228389?
2
What is the units digit of 159169?
9
What is the tens digit of 2059070?
7
What is the units digit of 2280177?
7
What is the ten thousands digit of 38927?
3
What is the units digit of 24201?
1
What is the tens digit of 5799338?
3
What is the units digit of 346026?
6
What is the hundred thousands digit of 7568016?
5
What is the units digit of 901625?
5
What is the hundreds digit of 930346?
3
What is the hundreds digit of 6146342?
3
What is the millions digit of 2489805?
2
What is the hundred thousands digit of 114401?
1
What is the hundred thousands digit of 19280524?
2
What is the units digit of 4939555?
5
What is the units digit of 9614593?
3
What is the millions digit of 2121355?
2
What is the thousands digit of 9537?
9
What is the thousands digit of 3125327?
5
What is the hundreds digit of 83550?
5
What is the units digit of 50063?
3
What is the ten thousands digit of 1158717?
5
What is the units digit of 5422060?
0
What is the hundred thousands digit of 317959?
3
What is the units digit of 323771?
1
What is the units digit of 225276?
6
What is the hundreds digit of 1777999?
